 is the units digit of 3 + (-6)/9*i?
5
Let n(o) = o**3 + 10*o**2 + o + 13. Let v be n(-10). Let t = v - 11. Let h(q) = -q**2 - 9*q - 1. What is the units digit of h(t)?
7
Suppose 0 = 2*c + 8, -l + 18 = l - 4*c. What is the units digit of l?
1
Suppose -96 = 15*q - 18*q. What is the units digit of q?
2
Suppose -m - 4*m = -n - 35, 4*n + 50 = 5*m. What is the units digit of m?
6
Suppose 5*u + v + 4 = u, -5*u = 3*v + 12. Suppose 3*t = 2*t + p + 6, -t - 2*p = u. Suppose 5*b = t*b + 1. What is the units digit of b?
1
Let t = 36 - 24. Suppose 4*d + 2*c - t = 24, 3*d - 27 = -5*c. What is the units digit of d?
9
Let y(l) = l**3 + l**2 + l + 6. Let w be y(0). Let j(q) = -q**2 + 9*q - 6. Let r be j(w). What is the units digit of -1 + r + (-2)/1?
9
Let d(m) = -m + 1. Let s(j) = -2*j - 5. Let o(a) = d(a) + s(a). What is the units digit of o(-3)?
5
Let g be (45 - 1)*(-3)/3. Let r be 0 - (0 + 2) - g. What is the tens digit of (-1)/(-2) - r/(-4)?
1
Let m = 7 - 4. Suppose 5*w = -4*u + 91, 31 = -2*w + m*w + 4*u. What is the tens digit of w?
1
Suppose 18 = 2*c - 4. Let w = c - 6. What is the units digit of w?
5
Suppose 0 = 2*j + 5 + 7. What is the units digit of 3/(j/4) - -7?
5
Let s(a) = a**2 + 3*a - 1. Let t be s(-3). Let k(z) be the second derivative of -z**3/3 + z**2/2 - 3*z. What is the units digit of k(t)?
3
Let c(t) be the third derivative of t**4/12 - 8*t**3/3 + 8*t**2. What is the units digit of c(13)?
0
Let v(m) = -m**2 + 1. Let h be v(3). Let f = h + 12. Suppose 17 = f*z - 3. What is the units digit of z?
5
Let m(d) be the second derivative of d**4/12 + 2*d**3/3 + 3*d. Let r be m(-4). Suppose r = -2*u - 2*u + 4. What is the units digit of u?
1
What is the tens digit of 0 - (-12 + 1/(-1))?
1
What is the units digit of (-6)/27 + 1815/27?
7
Suppose 3*p - 5*p + 26 = -4*m, 3*m = -15. What is the tens digit of 43 - p/((-12)/8)?
4
Suppose -v - 4*v + 9 = 2*n, 3*n - 45 = 3*v. Suppose -3*i - 2*c + 23 = 0, -i - 2*c + n = -1. What is the units digit of i?
5
What is the units digit of 1 - 1*(-102)/2?
2
Let v = 7 - 7. Let g = 21 - v. What is the tens digit of g?
2
Suppose 2*l + 18 = 4*l. What is the units digit of l?
9
Let k(r) = 2*r + 56. Let t be k(-18). Let p(j) = j**2 + 8*j - 2. Let b be p(-6). Let v = t + b. What is the units digit of v?
6
Let j be 1*3/(-6)*0. Suppose -4*a = v - 53, v - 6*v = -4*a + 71. Suppose a = -j*u + 2*u. What is the units digit of u?
7
Let l = 2 + -2. Suppose n = -l*n + 14. What is the units digit of n?
4
Suppose -m + 8 = 4*b, 3*m - b - 10 - 1 = 0. Suppose m*c - 135 = c. Suppose -11 = -2*d + 4*d + 5*x, 0 = 5*d - 2*x - c. What is the units digit of d?
7
Let i = -6 + 8. Let v = 0 + i. Suppose -a = -4 + v. What is the units digit of a?
2
Let d(k) = k**3 - 16*k**2 + 2*k + 11. What is the units digit of d(16)?
3
Let r(y) = 2*y**2 - y - 2. What is the units digit of r(-2)?
8
Let d be 3/5 - (-48)/20. Suppose o + d = 7. Let p = 9 - o. What is the units digit of p?
5
What is the tens digit of ((-2)/(-3))/(2/159)?
5
What is the tens digit of 2 + 129/9*3?
4
Suppose -2*i + 3 = 5*v - 11, 5*i - 8 = v. Let z(g) = -g**2 + 3*g. What is the units digit of z(i)?
2
Let n(k) = 2*k + 11. What is the tens digit of n(8)?
2
Suppose -2*n - 5 = -13. Suppose n*x - 6*x = -6. What is the units digit of x?
3
Suppose -2*o + 4*t - 10 = -0*o, 5 = 3*o - 2*t. Suppose 2*v + 11 = 3*s, -o*s = 3*v - 28 - 3. What is the units digit of v?
2
Let n = -332 + 472. Suppose 0 = a - 2*j - 35, 0 = 4*a - j - 2*j - n. What is the tens digit of a?
3
Let b = 301 - 181. What is the hundreds digit of b?
1
Let m(c) = c**2 - 10*c + 4. Let o be m(9). Let b be (-705)/(-25) - (-1)/o. Suppose 6*n - 3*n = -4*p + 30, -4*n = 4*p - b. What is the units digit of p?
9
Suppose 0 = -3*p + 18. Suppose -15 = -3*i + p. What is the units digit of i?
7
Let v be 6/27 + 2215/(-45). Let r = v + 70. What is the units digit of r?
1
Let i be (-9 + 10)*(-1)/(-1). What is the tens digit of 24 + i - -1 - -2?
2
Let q(n) = -3*n + 4. What is the units digit of q(-8)?
8
Suppose -k - 3*k = 3*b - 16, -4*k + 2*b = -16. Suppose -3*h = -4*h + k. Suppose -l = l - 4, 28 = 5*m + h*l. What is the units digit of m?
4
Suppose -m - 1170 = -10*m. What is the tens digit of m?
3
Let w = 58 - -27. What is the units digit of w?
5
Let j(y) = -3*y**3 - 6*y**2 - y - 5. Let b(x) = 4*x**3 + 7*x**2 + 6. Let q(g) = 2*b(g) + 3*j(g). Let p be q(-4). What is the units digit of (-12)/p*(-3)/2?
2
Suppose 0 = -4*i + 8*i + 4*w - 28, 4*i - 4 = 4*w. Suppose -24 = 2*z - i*z. What is the tens digit of z?
1
Suppose 3*h = 7*h - 12. Suppose -h*x + 87 = 3*r, -4*x - x + 157 = -r. Let i = -15 + x. What is the tens digit of i?
1
Let t(s) = -s**3 - 4*s**2 + 5*s + 7. Let j be t(-5). Let b = 9 + j. What is the tens digit of b?
1
Let l = 0 + -4. Let n = -3 - l. What is the units digit of n?
1
Let b be 5 - -1 - (-10 - -8). Let t(c) = 5*c - 10. What is the tens digit of t(b)?
3
Suppose 3*v - 8*v + 70 = 0. Suppose 5*u + q + v = 3, -3*q + 27 = -5*u. What is the units digit of 0 - (-2 + 2) - u?
3
Let a = -3 - -41. What is the units digit of a?
8
Let q(h) = 2*h**2 + 23*h - 70. What is the units digit of q(-21)?
9
What is the tens digit of (25/(-75))/(1/(-93))?
3
Let n be 10/1 + -2 + 2. Suppose -15 = 5*g, -g + 3*g = 4*f + n. What is the units digit of f/6 - 8/(-3)?
2
Let n = 18 + -5. Suppose -5*o = -n - 42. What is the units digit of o?
1
Let r(v) = -9 - v**2 - 4*v - v + 4*v**2 - 2*v**2. Let k be r(-6). Suppose -k = -6*g + 3*g. What is the units digit of g?
9
Let p(h) = h**2 + 9*h + 2. Let c be p(-9). Suppose -c*r = 3*r - 20. What is the units digit of r?
4
Let w(b) be the second derivative of b**3/3 + b**2 + b. What is the units digit of w(2)?
6
Suppose s = 3 + 14. Let p = 24 - s. What is the units digit of p?
7
Suppose -12 = 4*d - g - 156, 152 = 4*d - 3*g. What is the units digit of d?
5
What is the tens digit of 508/6 - 12/18?
8
Let w(g) = -g**2 + 7*g + 28. What is the units digit of w(9)?
0
Suppose 2*q = -2*f + 7*f - 18, -5*q - 5*f + 25 = 0. Let z be 0/(-5) + (5 - q). Suppose -10 = -5*n, z*t + 4*n = 22 - 2. What is the units digit of t?
3
Let u be 4 + -2 - (5 + -6). Suppose -t + 8 = -0*t. Suppose t = u*p - p. What is the units digit of p?
4
Let i be -3*(56/(-6) - -3). Suppose 3*j - 77 = -5*p, 0*j - j - 3*p = -i. What is the units digit of j?
4
Suppose -5*z + 139 = -81. What is the units digit of z?
4
Suppose 0*d + 2 = d. Suppose -a = -d*u - 2*a + 100, 4*a - 36 = -u. What is the tens digit of u?
5
Let g = 7 - 8. Let d be (1 + 0 - g) + 3. Suppose -5*y + 75 = 5*u, 7*u = d*y + 4*u - 83. What is the units digit of y?
6
Let g be 7 + -1 + 3/(-3). Let x be ((-3)/(-3) - g) + -3. Let b = x - -8. What is the units digit of b?
1
Suppose 5*s - 107 = 538. What is the units digit of s?
9
Suppose 5*s = -3*n + 79, -42 = -2*s + 4*n - 0*n. Let v be 1/(1/s) - 2. Suppose 0 = w - v + 5. What is the tens digit of w?
1
Let b(k) be the first derivative of 4*k**2 + 1 - 7/3*k**3 - 1/4*k**4 + 12*k. What is the units digit of b(-8)?
2
Suppose 18 = -4*c + c. Let s(t) = 2*t**2 + 6*t. Let x be s(c). Suppose 2*j - x = -2*j. What is the units digit of j?
9
Let n be ((-8)/6)/((-1)/18). Suppose -5*c + n = 4. What is the units digit of c?
4
Let w be (0 - 0)/(-5 - -7). What is the units digit of -1 + w + (-12)/(-2)?
5
Let p = 1 + -1. Suppose -5*u + 8 + 7 = p. Suppose 4*m = u*f + 34, 0 = m + f + 4*f - 20. What is the units digit of m?
0
Suppose 0 = -b - b + 3*p + 162, -p - 158 = -2*b. What is the tens digit of b?
7
Suppose -3*v + 12 = v. Suppose o = v*o. Let l = 1 - o. What is the units digit of l?
1
Suppose -4*u + 104 = -u - 4*h, 0 = -2*u + 4*h + 76. Let s = 1 + u. What is the tens digit of s?
2
Let k(y) be the first derivative of 7*y**2/2 - 11*y - 1. What is the tens digit of k(6)?
3
Let s = 11 - 7. Suppose 5*o = -2*a - a - 100, 0 = -2*a + s*o - 30. Let d = -13 - a. What is the tens digit of d?
1
Suppose -4 + 6 = -2*s. What is the tens digit of (-1)/(s/2)*9?
1
Suppose -3*o - 30 = -5*k, 4*o + 23 = -2*k + 3*k. Let p = k - 3. Let j = 3 + p. What is the units digit of j?
3
Let r(k) = -9*k**2 + 8*k - 8. Let o(j) = 3*j**2 - 3*j + 3. Let s(m) = -8*o(m) - 3*r(m). What is the units digit of s(1)?
3
Suppose -x + 24 = 3*x + 4*c, 0 = x - 3*c + 10. Let f(h) = 4*h + 2. What is the units digit of f(x)?
0
Suppose -5*a -